k + 1114 = 0, -5*h + 0*k + 1396 = -k. Suppose -3*l - l = 0. Suppose l = -5*i + 36 + h. Calculate the greatest common divisor of 7 and i.
7
Let g be 3 + 24/(-9) - 105/(-9). What is the greatest common divisor of 6 and g?
6
Let s(o) = 7*o - 1. Suppose -j + 21 = -3*q, j + 2*q + 3*q = -19. Let k be s(j). Let r = 15 + k. What is the greatest common divisor of r and 14?
14
Suppose -10 = 3*f - 2*y + 6*y, 0 = 2*f + y. Suppose -c - 4 = -f*c. Calculate the greatest common divisor of c and 36.
4
Let j be 18/30 - (-351)/15. Calculate the greatest common factor of j and 168.
24
Suppose 5*s - 2*m = -20, 0*s + 3*m - 25 = 5*s. Let l(n) = n**3 + 4*n**2 + 3*n + 2. Let g be l(s). What is the highest common factor of g and 28?
4
Let k(f) be the first derivative of f**3/3 - 9*f - 1. Let x be k(0). Let j = 6 - x. What is the greatest common divisor of j and 15?
15
Suppose -130 = 9*b - 4*b. Let n = 62 - b. Calculate the greatest common divisor of 11 and n.
11
Let x = -69 - -40. Let v = -19 - x. Let k be (0 - v)*(-4)/8. Calculate the greatest common divisor of k and 15.
5
Let m = 3 + -2. Let w(q) = 6*q + 2. Let o(l) = -l. Let d(u) = m*w(u) + 2*o(u). Let z be d(3). What is the highest common factor of z and 70?
14
Let h(r) = r + 20. Let t be h(6). What is the greatest common factor of 39 and t?
13
Let k be (-2)/4 - (-435)/6. What is the greatest common divisor of k and 9?
9
Suppose 0 = -5*d - 2*w + 20, w - 6 - 5 = -3*d. Calculate the highest common factor of d and 4.
2
Let r be 17/5 - (-18)/30. Suppose -r - 6 = -u. Suppose 3*b - 2*s - 280 = 0, -2*s - 445 = -5*b - 3*s. What is the highest common factor of b and u?
10
Let w be (-2 - -4 - -6)/2. Suppose -5 = -w*x + 3. Let p be (1*5)/(x/18). What is the highest common divisor of 18 and p?
9
Let j(w) = -w + 15. Let v be j(-6). Calculate the greatest common divisor of 7 and v.
7
Let w = 34 + -30. Calculate the greatest common factor of w and 8.
4
Let b(u) = -u**3 + 2*u**2 + u - 4. Let i be b(-3). Let h = i - 18. Suppose -h = -s - 4. Calculate the highest common factor of s and 16.
16
Let x = 3 + 9. Suppose 0 = -3*m - 4*t + 160, 2*t = 2*m - 2*t - 140. Calculate the greatest common factor of x and m.
12
Suppose -2*b + 5*d = 3*b - 45, -2*d = -b + 13. Suppose b*c = 5*o - 75, 4*o - 51 - 44 = -3*c. What is the highest common factor of o and 4?
4
Suppose p + 3*o - 69 = 0, -o + 4 = -3*o. Calculate the highest common divisor of 30 and p.
15
Suppose -11 = 3*z - 32. Calculate the highest common factor of 1 and z.
1
Suppose 16 = 2*v - 4*v + 3*u, -v - 4*u = -14. Let j(d) = -d**3 + d**2 + d + 8. Let t be j(0). Let n = t - v. Calculate the highest common factor of 90 and n.
10
Suppose 4*s - 632 = 304. Calculate the greatest common divisor of 26 and s.
26
Suppose -2*m = 1 + 3. Let w(s) = -2*s**2 + 3*s + 2. Let t be w(m). Let a = t - -20. Calculate the greatest common factor of 40 and a.
8
Suppose 10 = 5*h - 0. Suppose c = -2*f - 4*c + 7, -2*f = -h*c - 14. Calculate the greatest common divisor of f and 2.
2
Let m be 3/((-92)/(-16) + -5). What is the greatest common divisor of m and 6?
2
Let z be (69/207)/((-2)/(-48)). Let s = -70 + 108. Suppose 42 = 3*r + 4*u - s, 2*r - 25 = 3*u. Calculate the highest common factor of z and r.
4
Let l = -5 - -19. Let h(c) = 3*c - 4. Let m be h(6). What is the greatest common divisor of m and l?
14
Suppose -2*x + x = 2*f - 15, -f - 5*x = 15. Let t = -42 - -57. Calculate the greatest common factor of t and f.
5
Suppose -5*v + 348 = -3*v + 4*d, -4*v = -5*d - 657. Suppose 5*m = 3*u + v, -m = 4*m + 5*u - 160. Calculate the greatest common factor of m and 11.
11
Suppose 4*b - 5*f - 15 = 0, 7*f - 3*f = 4*b - 20. Let g(w) = -14*w - b + 10. Let t be g(-5). What is the highest common divisor of t and 10?
10
Let w = -21 - -41. Suppose q = 4*y - w, q = -y - q + 5. Suppose y*h = s + 10, 6*h - 3*s = 2*h - 3. What is the greatest common divisor of h and 2?
1
Suppose 0 = -4*n + 3*n. Let r(c) = c**3 + 1. Let d be r(n). Calculate the greatest common factor of d and 11.
1
Suppose -5*r = -342 - 138. Let w be 14 + 10/(-15)*3. What is the greatest common factor of r and w?
12
Suppose 7*x - 2*x - 35 = 0. Calculate the greatest common divisor of x and 7.
7
Let n be (3 - (3 - -2)) + 4. Suppose -3*a = n*a - 60. Let d be 8/a + (-75)/(-9). What is the highest common factor of d and 27?
9
Let f(j) = j**3 + j**2 - j. Let o be f(2). Suppose -3*l = 5 - 14. Let c be l - 5 - (1 + -73). What is the greatest common divisor of o and c?
10
Let x(p) = -p**3 - 8*p**2 + 9*p + 1. Let k be x(-9). Let v be k/5 + 568/10. Calculate the highest common divisor of v and 19.
19
Let l(h) = -2*h**3 + 4*h - h**3 + 3 + 2*h**3 + h**2. Let n be l(-2). Let c be (-4)/14 + 590/n. Calculate the greatest common divisor of c and 21.
21
Suppose -2*m = -5*q - 8, 3*m + 5*q - 12 = 2*q. Suppose -m*c = -45 - 67. What is the highest common divisor of 7 and c?
7
Suppose 0*v - 2*v = 4, 5*r - 1475 = -5*v. Let a be 4/10 + r/(-5). Let d = 83 + a. What is the highest common divisor of 16 and d?
8
Let n(q) = -12*q - 4. Suppose -s - 5*y = 15, 24 = -4*s - 5*y - 6. Let j be n(s). Calculate the greatest common divisor of 14 and j.
14
Let j = 26 - 17. Let y(s) = s + 7. Let p be y(j). Calculate the highest common factor of 40 and p.
8
Let v = 46 - 35. What is the highest common factor of 88 and v?
11
Let m = -6 - -2. Let r be 15/(-4 + 3)*m. Calculate the highest common divisor of r and 15.
15
Let z = -16 - -14. Let y(g) = -2*g - 2. Let i be y(z). What is the greatest common factor of 16 and i?
2
Suppose h - 252 = -h. Let m = 28 + -14. Calculate the highest common divisor of h and m.
14
Suppose 2*v - 340 = -3*k, 9*k - 4*k - 4*v - 530 = 0. Let d(i) = i + 7. Let f be d(3). What is the highest common divisor of f and k?
10
Let j(n) = n**2 + 2*n + 5. Let s be j(5). What is the highest common factor of 5 and s?
5
Let d = -2378 + 3910. Let t be 4/14 - d/(-28). Calculate the greatest common divisor of 22 and t.
11
Let x = -714 - -716. Let y = 5 - 3. Calculate the greatest common factor of y and x.
2
Let j(w) = -w**2 - 12*w - 9. Let b(t) = 2*t**2 + 4*t. Let p be b(3). Suppose -5*l = -2*l + p. Let k be j(l). What is the greatest common factor of 77 and k?
11
Suppose k - 20 = -4*f, 0*k + 25 = 5*f - k. Let o = -3 - -4. What is the highest common divisor of f and o?
1
Suppose 0 = -0*j + j - 2*o - 1, -3*j - 4 = o. Let b = j - 14. Let n = b - -55. Calculate the highest common divisor of 16 and n.
8
Suppose 70*t - 73*t = -189. Calculate the highest common divisor of t and 7.
7
Let b be 10/45*(-3)/2*-36. Let x be (-2)/((-2)/36 - 0). Let c = 120 - x. What is the greatest common factor of b and c?
12
Let j = 307 + -82. What is the highest common factor of j and 9?
9
Let p(b) = -b**2 - 10*b + 10. Let u be p(-10). Let d = -106 - -196. What is the highest common divisor of u and d?
10
Suppose 4*c = -4*n + 92, 4*n = 4*c + 95 + 21. Suppose -n = -2*o + 3*u, 4*o - 13 = 4*u + 43. Let d = o + 4. Calculate the highest common divisor of 40 and d.
20
Let r(q) = -5*q**3 - q**2 + 3*q + 4. Let h be r(-2). Calculate the highest common divisor of 68 and h.
34
Let n = 7 - -2. Suppose 5*l = 3*q + 52, 4 - n = -5*q. Suppose -k + l - 1 = 0. Calculate the greatest common divisor of k and 40.
10
Suppose 4*v = 3*l + 2*l - 98, 0 = -l - 4*v + 10. Calculate the highest common factor of l and 90.
18
Suppose -210 = -3*b - 0*b. Let k be (8/(-2 - 0))/(-2). Suppose 0*o - 46 = -4*t + k*o, 3*o = -2*t + 11. Calculate the highest common factor of t and b.
10
Suppose 2*t + 2*q - 10 = 0, 3*t - 16 = 4*q + 27. Calculate the greatest common factor of t and 72.
9
Suppose -3*s + 21 = 2*v, -5*s - 8*v + 6*v + 35 = 0. Calculate the highest common factor of s and 1.
1
Let v(j) = 5*j - 3. Let g be v(-1). Let i be (-1 - -2) + -1 - -1. Let u = i - g. What is the greatest common factor of u and 1?
1
Let f(y) = -y**3 - y. Let m(i) = 3*i**3 + 3*i**2 - 5*i - 2. Let h(k) = -2*f(k) - m(k). Let s be h(-5). Calculate the highest common divisor of 153 and s.
17
Let c(l) be the second derivative of -l**3/6 - 2*l. Let g be c(-4). Let r be 18/g*(-110)/(-15). What is the highest common divisor of 11 and r?
11
Suppose -v - b + 0 = -22, -3*b = -5*v + 78. Suppose -2*h = 3*q - 96, -5*h + 4*q + 223 = 3*q. What is the greatest common divisor of h and v?
9
Let y be (-111